
Calculate the remainder when 794 is divided by 258.
20
What is the remainder when 321 is divided by 81?
78
What is the remainder when 15605 is divided by 102?
101
What is the remainder when 624 is divided by 292?
40
Calculate the remainder when 146 is divided by 134.
12
Calculate the remainder when 1902 is divided by 901.
100
Calculate the remainder when 114 is divided by 40.
34
What is the remainder when 37 is divided by 10?
7
Calculate the remainder when 762 is divided by 79.
51
Calculate the remainder when 9995 is divided by 13.
11
What is the remainder when 1207 is divided by 39?
37
What is the remainder when 3455 is divided by 36?
35
Calculate the remainder when 475 is divided by 186.
103
What is the remainder when 1671 is divided by 62?
59
What is the remainder when 1152 is divided by 55?
52
What is the remainder when 160 is divided by 106?
54
Calculate the remainder when 111 is divided by 17.
9
Calculate the remainder when 8 is divided by 7.
1
Calculate the remainder when 175 is divided by 60.
55
Calculate the remainder when 372 is divided by 15.
12
Calculate the remainder when 138 is divided by 7.
5
Calculate the remainder when 770 is divided by 193.
191
What is the remainder when 430 is divided by 16?
14
Calculate the remainder when 119 is divided by 14.
7
What is the remainder when 121 is divided by 36?
13
What is the remainder when 719 is divided by 80?
79
What is the remainder when 394 is divided by 57?
52
What is the remainder when 3751 is divided by 8?
7
Calculate the remainder when 52 is divided by 32.
20
What is the remainder when 235 is divided by 9?
1
What is the remainder when 309 is divided by 26?
23
Calculate the remainder when 314 is divided by 153.
8
What is the remainder when 40 is divided by 18?
4
Calculate the remainder when 11387 is divided by 128.
123
What is the remainder when 264 is divided by 91?
82
What is the remainder when 1454 is divided by 293?
282
Calculate the remainder when 106 is divided by 23.
14
Calculate the remainder when 60 is divided by 21.
18
Calculate the remainder when 24 is divided by 9.
6
What is the remainder when 2564 is divided by 853?
5
Calculate the remainder when 365 is divided by 93.
86
What is the remainder when 87 is divided by 84?
3
Calculate the remainder when 339 is divided by 49.
45
Calculate the remainder when 680 is divided by 85.
0
What is the remainder when 95 is divided by 72?
23
Calculate the remainder when 1129 is divided by 63.
58
What is the remainder when 74 is divided by 26?
22
Calculate the remainder when 216 is divided by 17.
12
What is the remainder when 3713 is divided by 6?
5
Calculate the remainder when 324 is divided by 323.
1
What is the remainder when 1845 is divided by 21?
18
Calculate the remainder when 352 is divided by 120.
112
Calculate the remainder when 1386 is divided by 155.
146
What is the remainder when 215 is divided by 72?
71
What is the remainder when 427 is divided by 12?
7
What is the remainder when 269 is divided by 34?
31
What is the remainder when 54 is divided by 21?
12
What is the remainder when 6911 is divided by 32?
31
What is the remainder when 380 is divided by 35?
30
Calculate the remainder when 9579 is divided by 11.
9
Calculate the remainder when 242 is divided by 35.
32
Calculate the remainder when 549 is divided by 50.
49
What is the remainder when 822 is divided by 150?
72
What is the remainder when 8781 is divided by 24?
21
What is the remainder when 366 is divided by 101?
63
Calculate the remainder when 4177 is divided by 44.
41
Calculate the remainder when 62 is divided by 32.
30
What is the remainder when 237 is divided by 44?
17
What is the remainder when 566 is divided by 177?
35
Calculate the remainder when 1238 is divided by 62.
60
What is the remainder when 100 is divided by 26?
22
Calculate the remainder when 3115 is divided by 82.
81
What is the remainder when 2336 is divided by 52?
48
What is the remainder when 1960 is divided by 326?
4
Calculate the remainder when 240 is divided by 35.
30
What is the remainder when 3738 is divided by 187?
185
Calculate the remainder when 107 is divided by 7.
2
Calculate the remainder when 49 is divided by 18.
13
Calculate the remainder when 226 is divided by 24.
10
Calculate the remainder when 369 is divided by 18.
9
Calculate the remainder when 756 is divided by 76.
72
Calculate the remainder when 1751 is divided by 73.
72
Calculate the remainder when 368 is divided by 31.
27
What is the remainder when 203 is divided by 15?
8
Calculate the remainder when 968 is divided by 48.
8
What is the remainder when 2744 is divided by 1360?
24
Calculate the remainder when 344 is divided by 12.
8
Calculate the remainder when 165 is divided by 56.
53
Calculate the remainder when 181 is divided by 8.
5
What is the remainder when 2295 is divided by 50?
45
What is the remainder when 1306 is divided by 164?
158
Calculate the remainder when 156 is divided by 9.
3
Calculate the remainder when 2074 is divided by 413.
9
What is the remainder when 311 is divided by 73?
19
Calculate the remainder when 1507 is divided by 745.
17
What is the remainder when 186 is divided by 32?
26
Calculate the remainder when 246 is divided by 124.
122
Calculate the remainder when 71 is divided by 9.
8
What is the remainder when 298 is divided by 86?
40
Calculate the remainder when 584 is divided by 572.
12
Calculate the remainder when 181 is divided by 69.
43
What is the remainder when 118 is divided by 52?
14
Calculate the remainder when 23 is divided by 5.
3
What is the remainder when 528 is divided by 28?
24
Calculate the remainder when 937 is divided by 35.
27
Calculate the remainder when 460 is divided by 38.
4
Calculate the remainder when 520 is divided by 57.
7
Calculate the remainder when 134 is divided by 44.
2
What is the remainder when 125 is divided by 8?
5
Calculate the remainder when 49 is divided by 28.
21
What is the remainder when 1997 is divided by 54?
53
Calculate the remainder when 153 is divided by 52.
49
Calculate the remainder when 1642 is divided by 47.
44
Calculate the remainder when 192 is divided by 15.
12
What is the remainder when 172 is divided by 16?
12
Calculate the remainder when 64 is divided by 33.
31
What is the remainder when 24 is divided by 2?
0
What is the remainder when 144 is divided by 66?
12
What is the remainder when 1078 is divided by 90?
88
Calculate the remainder when 177 is divided by 37.
29
Calculate the remainder when 1234 is divided by 13.
12
What is the remainder when 72 is divided by 15?
12
What is the remainder when 128 is divided by 15?
8
Calculate the remainder when 1817 is divided by 17.
15
Calculate the remainder when 60 is divided by 14.
4
Calculate the remainder when 58 is divided by 41.
17
What is the remainder when 2732 is divided by 119?
114
Calculate the remainder when 20 is divided by 11.
9
Calculate the remainder when 316 is divided by 97.
25
Calculate the remainder when 1185 is divided by 586.
13
Calculate the remainder when 82 is divided by 44.
38
What is the remainder when 921 is divided by 920?
1
Calculate the remainder when 417 is divided by 51.
9
What is the remainder when 71 is divided by 11?
5
Calculate the remainder when 166 is divided by 24.
22
What is the remainder when 94 is divided by 32?
30
What is the remainder when 1165 is divided by 317?
214
Calculate the remainder when 2687 is divided by 96.
95
Calculate the remainder when 293 is divided by 40.
13
What is the remainder when 356 is divided by 85?
16
What is the remainder when 1082 is divided by 537?
8
Calculate the remainder when 178 is divided by 27.
16
What is the remainder when 545 is divided by 26?
25
What is the remainder when 42 is divided by 29?
13
What is the remainder when 99 is divided by 21?
15
What is the remainder when 805 is divided by 109?
42
What is the remainder when 35 is divided by 21?
14
Calculate the remainder when 15 is divided by 7.
1
What is the remainder when 12106 is divided by 18?
10
Calculate the remainder when 1219 is divided by 312.
283
What is the remainder when 476 is divided by 23?
16
What is the remainder when 1923 is divided by 148?
147
What is the remainder when 2097 is divided by 140?
137
Calculate the remainder when 332 is divided by 114.
104
What i